5*t - 12 = -126. Suppose 10*q - 220 = 15*q. Let p = h + q. List the prime factors of p.
2, 3
Suppose 0*v + 4*b = -4*v + 452, -4*b = -3*v + 318. List the prime factors of v.
2, 5, 11
Let v be -2 + 4*(-105)/(-20). Suppose -v*m = -20*m + 37. What are the prime factors of m?
37
Let q be ((-8)/5)/(42/735). Let n = q - -84. List the prime factors of n.
2, 7
Let m = -64 - -188. Let c = m - 64. What are the prime factors of c?
2, 3, 5
Suppose 6*j - 792 = 954. List the prime factors of j.
3, 97
Let l = -11 + 11. Suppose l = o + 4*o + 115. Let n = o - -48. What are the prime factors of n?
5
Let y = -7205 + 10402. What are the prime factors of y?
23, 139
Let p(t) = -4*t - 8. Let q be p(8). Let b = 87 + q. What are the prime factors of b?
47
Let g = 73 - 82. What are the prime factors of (-4)/18 + (-1127)/g + -1?
2, 31
Suppose -8 = -4*w, 226 - 97 = -q + 2*w. Let v be (-3)/1 - (q - 11). Let c = v + -64. List the prime factors of c.
3, 23
Let b(t) = 6*t**3 + 40*t**2 - 11*t + 11. What are the prime factors of b(-6)?
13, 17
Let k be (-1 + -4 + 1)/(-1). Suppose 0 = -m - z + 2*z - 2, 2*m + k*z - 20 = 0. Suppose m*d + 105 = 7*d. List the prime factors of d.
3, 7
Let r = 597 - 333. What are the prime factors of r?
2, 3, 11
Let l(j) = -3*j - 6*j - 4 + 10. List the prime factors of l(-6).
2, 3, 5
Suppose 3*b = b + 4. Suppose -4*g = 5*x - 55, -x - b*g = 2*x - 33. Let l(v) = v**3 - 10*v**2 - 10*v - 5. List the prime factors of l(x).
2, 3
Suppose -3*z + 1439 = -m, 0 = 2*z + 3*m + 448 - 1422. What are the prime factors of z?
13, 37
Suppose 40410 = 13*x + 17*x. List the prime factors of x.
3, 449
Suppose -a + 13409 = 5*v, -430*a + 427*a + 8043 = 3*v. What are the prime factors of v?
2, 3, 149
Suppose -12 = -4*k, -2*y - 4*k + 24 = -5*y. What are the prime factors of (1 + y)*-1 - -41?
2, 11
Let y = 27 + -87. Let a = y + 134. What are the prime factors of a?
2, 37
Suppose -3*f + 5*p + 875 = 0, -4*f + 1433 = f - 2*p. List the prime factors of f.
3, 5, 19
Suppose -3*i + 4*n = -5120, -8564 = -5*i + 94*n - 95*n. List the prime factors of i.
2, 107
Let y = 72 + -74. What are the prime factors of (-892)/(-20) + y/(-5)?
3, 5
Let m(y) = -y**3 + 10*y**2 - 3*y - 2. What are the prime factors of m(8)?
2, 3, 17
Suppose -8*q + 7697 = -9423. List the prime factors of q.
2, 5, 107
Let u(f) = 2*f - 9. Let n be u(17). List the prime factors of (-90)/n*(-140)/8.
3, 7
Let f(l) = 31*l**3 - 2*l**2 + 1. Suppose -3*r = 4*q - 90, -3*q - q + 4*r + 104 = 0. Let o = 25 - q. List the prime factors of f(o).
2, 3, 5
Suppose 0 = 10*p - 16*p - 8*p. Suppose -2*s = -2*g + 284, p = -0*g - 3*g - 5*s + 402. What are the prime factors of g?
139
Let g(t) = 2*t**2 + 79*t + 14. What are the prime factors of g(20)?
2, 3, 7, 19
Let d = 2 - 8. Let h(z) = z**2 - z + 1. Let a(b) = 7*b**2 - 9*b + 2. Let f(u) = d*h(u) + a(u). What are the prime factors of f(-3)?
2, 7
Let j = 547 + -388. Let k = j + -92. What are the prime factors of k?
67
Suppose 4*k = 5*k + 5*x - 1553, 0 = 5*x - 15. List the prime factors of k.
2, 769
Let h = 219 - -13. What are the prime factors of h?
2, 29
Suppose -6*u = -v - 9*u + 564, 0 = 4*v + 4*u - 2248. What are the prime factors of v?
3, 11, 17
Suppose -2*r - 2*b = -22, -3*r - 5*b + 18 = -25. Suppose -r = z + 4*n - 0, -3*n + 8 = 2*z. What are the prime factors of z?
2, 5
Let u be (-3)/5 + (-3976)/(-35). Let y = u - 43. List the prime factors of y.
2, 5, 7
Let g = -47 - -24. Let n = -4 - g. List the prime factors of 2/(-12) - n/(-6).
3
Suppose -9*p + 4464 + 549 = 0. Suppose 251 + p = 8*x. What are the prime factors of x?
101
Suppose 5*p - 17 = 3. Suppose -5*l + 256 = p*r, 7*r - 4*r = 12. List the prime factors of l.
2, 3
Suppose 0 = 2*o - 3*r - 2212, 10 = 4*r + r. List the prime factors of o.
1109
Let t = 2285 + -451. What are the prime factors of t?
2, 7, 131
Let a(i) = -i + 4 - 4 - 1. Let y be a(-4). Suppose 0 = -0*l + l + y*w - 40, 0 = -2*l - w + 55. What are the prime factors of l?
5
Let q = 3966 - 2242. What are the prime factors of q?
2, 431
Let i = 151 + -157. What are the prime factors of -61*(-63)/12 + i/(-8)?
3, 107
Suppose 0 = 3*z - 2 + 5. What are the prime factors of (11 - 7) + (-5)/z?
3
Let a be 1*10/2*1. Suppose -2*b - a*c = -115, -241 = -5*b - 3*c + 6*c. List the prime factors of b.
2, 5
Suppose 1 = 3*m - 14. Suppose -m*b - 105 = -10*b. List the prime factors of b.
3, 7
Let m(k) = k**2 - 2*k - 5. Let b be m(4). What are the prime factors of b/5 + 1034/110?
2, 5
What are the prime factors of 24/(-108) + (3334/18 - -1)?
2, 3, 31
Suppose 4*w = -z + 10 - 3, -w - 2*z = 0. Let k(x) = x**2 - 13*x + 20. Let g be k(12). What are the prime factors of 2 + (w - 4) + g?
2
Let w(x) = 1 - 3 + 21*x + 3 - 4*x. Let a be w(-1). What are the prime factors of (21/(-3))/(4/a)?
2, 7
Let r(n) = 3 - 1 + 11*n - 4. Let l be r(6). Let x = l + -22. List the prime factors of x.
2, 3, 7
Suppose -4*k = 3*l - 20, k - 2*l - 3 - 2 = 0. Suppose -3*m = -4*m - 5*n, -k*n = -3*m. Suppose m*q = 2*q - 56. What are the prime factors of q?
2, 7
Let x = -1137 - -1899. List the prime factors of x.
2, 3, 127
Let r(l) be the second derivative of 0 + l**2 - 1/2*l**3 - 4*l. What are the prime factors of r(-2)?
2
Let r be (-2990)/(-322) - ((-4)/(-7))/2. Suppose 5*i - r*i + 136 = 0. What are the prime factors of i?
2, 17
What are the prime factors of (-9)/24 + (-947)/(-8) + -3?
5, 23
What are the prime factors of (-19)/((-171)/6453)*(-14)/(-6)?
7, 239
Let z = -35 - -37. Suppose z*r - 275 = -5*d, 5*r = -d + 6*r + 62. What are the prime factors of d?
3, 19
Let j(b) be the third derivative of b**6/120 - b**5/60 + b**4/24 + 5*b**3/3 - 3*b**2. Let v be j(0). Let a = v - -2. List the prime factors of a.
2, 3
Suppose 35*r - 36*r - d + 337 = 0, 3*d - 670 = -2*r. List the prime factors of r.
11, 31
Let i be (2 - -9) + -4 + 6. Suppose -l + 3*y + i = 0, 0*l - 4*y - 17 = -l. What are the prime factors of (52 + -2)/(l - -1)?
5
List the prime factors of 1/(-3) - (-4571)/21*5.
2, 17
Suppose -5*r = 6*x - 4*x - 532, 0 = 4*x - r - 1042. What are the prime factors of x?
3, 29
Suppose 3*a - 12 = 0, -18*a + 14*a + 17860 = 4*h. What are the prime factors of h?
3, 1487
Let q = -1 + 6. Suppose -3*t = -4*a + 147, -t - 48 = -q*a + 133. Suppose -9 = -5*o + a. List the prime factors of o.
3
Let x = -10 + -11. Let a = x + 46. What are the prime factors of a?
5
Suppose -2*m = -5*p + 2*p - 42, -5*p - 2*m = 86. Let u = p - -66. What are the prime factors of u?
2, 5
Let h(s) = 37*s**2 + 10*s - 16. List the prime factors of h(-6).
2, 157
Let b be (-2)/(-4)*(12 + -16). What are the prime factors of (b + 4)/((-9)/(-297))?
2, 3, 11
Let r(x) = x**2 - 15*x + 12. Let y be r(15). Let q be (9/(-4))/(y/(-32)). Suppose -2*s = -4*s, -s = 2*i - q. What are the prime factors of i?
3
Suppose -3*h = n - 661, 0 = -5*n + h + 4 + 3285. What are the prime factors of n?
2, 7, 47
Suppose -6*v = v - 63. Let a(f) = 6*f + 14. List the prime factors of a(v).
2, 17
Let p(v) = -6*v**2 + 3*v + 3. Let l be p(-3). Let x = -47 - l. List the prime factors of x.
13
Let w(a) = 63*a + 357. List the prime factors of w(14).
3, 7, 59
Suppose -4*w = -3*c - 1157 - 3634, 4*w = 5*c + 4793. List the prime factors of w.
3, 7, 19
Let a(i) = -i**3 - 2*i**2 - 4*i - 4. Let v be a(-2). Suppose v*b - 50 = 118. What are the prime factors of b?
2, 3, 7
Suppose 8 = -5*l + 38. Let g = 1 - l. Let u = g - -8. What are the prime factors of u?
3
Let n = 1558 + -911. List the prime factors of n.
647
Suppose 4*y - 4 = 0, -3*y - 99 = -13*o + 12*o. Let f(u) = u**2 - 2*u. Let p be f(3). Suppose -p*z = -o - 99. List the prime factors of z.
67
Suppose -d + 25 = -2*y, 0*y + 2*d = 3*y + 38. Let z = 26 + y. Let u = 1 + z. List the prime factors of u.
3, 5
Let y be 3 - 4 - (-1 - 11). Suppose 4*a - 3 = -y. Let i(l) = 9*l**2 + 5*l + 1. List the prime factors of i(a).
3
Let s = 8 + -5. Suppose -d + 210 + 5 = s*x, 5*d = 10. What are the prime factors of x?
71
Let h = -55 + 137. Suppose -h*f + 415 = -77*f. List the prime factors of f.
83
Let d(v) = -8*v - 31 + 10 + v + 15. Let s = 4 + -6. What are the prime factors of d(s)?
2
Let x(v) be the first derivative of v**2/2 - 8*v + 1. Let m be x(3). List the prime factors of (-48*1)/(m - -4).
2, 3
Let g(y) = 5*y**2 - y - 2. Let u be g(-1). Suppose 0 = r + 3*j - u*j + 2, 3*r + 5*j - 26 = 